3150 a multiple of 265?
True
Is 259 a factor of 2169719?
False
Is 22 a factor of 129998?
True
Does 162 divide 181713?
False
Does 272 divide 589910?
False
Does 80 divide 55680?
True
Is 14 a factor of 14056?
True
Is 317883 a multiple of 17?
True
Is 138110 even?
True
Is 603766 a multiple of 289?
False
Is 6744720 a multiple of 744?
False
Does 1282 divide 10336766?
True
Is 263760 a multiple of 157?
True
Does 710 divide 543456?
False
Is 8 a factor of 4440403?
False
Is 8 a factor of 2906633?
False
Is 48 a factor of 112320?
True
Does 539 divide 10240461?
True
Is 15 a factor of 235260?
True
Does 5 divide 2461866?
False
Does 30 divide 6060463?
False
Does 17 divide 2339498?
False
Is 20 a factor of 479167?
False
Does 270 divide 332424?
False
Is 4 a factor of 28518?
False
Is 91680 a multiple of 30?
True
Is 45 a factor of 123390?
True
Is 86736 a multiple of 39?
True
Is 24542 a multiple of 17?
False
Does 4 divide 554469?
False
Is 450167 even?
False
Is 2 a factor of 60221?
False
Does 397 divide 8984110?
True
Is 107 a factor of 97584?
True
Is 21 a factor of 6596016?
True
Is 30 a factor of 544290?
True
Is 60 a factor of 1215120?
True
Does 5 divide 234415?
True
Is 123028 a multiple of 123?
False
Is 1316894 a multiple of 509?
False
Does 15 divide 52761?
False
Does 21 divide 35490?
True
Does 1253 divide 4359217?
False
Is 123 a factor of 98108?
False
Is 23 a factor of 1339996?
False
Is 545197 a multiple of 54?
False
Is 5 a factor of 621013?
False
Does 256 divide 4046848?
True
Is 279 a factor of 1209186?
True
Is 1011493 a multiple of 7?
True
Is 12 a factor of 562139?
False
Is 1330854 a multiple of 35?
False
Does 474 divide 237000?
True
Is 237420 a multiple of 8?
False
Is 33 a factor of 85640?
False
Does 86 divide 234264?
True
Is 122 a factor of 1210362?
True
Is 1396035 a multiple of 81?
True
Is 934 a factor of 1328881?
False
Is 630561 a multiple of 40?
False
Does 3 divide 11386?
False
Does 25 divide 28280?
False
Is 329770 a multiple of 35?
True
Is 103 a factor of 162225?
True
Is 17 a factor of 115090?
True
Is 109472 a multiple of 22?
True
Is 55101 a multiple of 309?
False
Is 491700 a multiple of 15?
True
Does 66 divide 68772?
True
Is 890 a factor of 5319626?
False
Is 10199211 a multiple of 208?
False
Does 19 divide 62225?
True
Is 4950 a multiple of 9?
True
Is 9 a factor of 12501?
True
Is 94001 a multiple of 226?
False
Is 3249 a multiple of 98?
False
Does 15 divide 36416?
False
Does 65 divide 2427685?
True
Does 203 divide 11571?
True
Does 25 divide 145950?
True
Is 380 a factor of 2596540?
True
Does 10 divide 14144110?
True
Does 12 divide 179943?
False
Is 1212216 a multiple of 424?
True
Is 3111016 a multiple of 932?
True
Is 4 a factor of 8524339?
False
Is 422840 a multiple of 10?
True
Does 13 divide 321399?
True
Is 14 a factor of 72016?
True
Is 362 a factor of 12498144?
False
Is 7764288 a multiple of 96?
True
Is 19901200 a multiple of 41?
False
Is 263356 a multiple of 181?
False
Is 6139230 a multiple of 15?
True
Is 12 a factor of 473112?
True
Is 1427747 a multiple of 49?
False
Is 298395 a multiple of 45?
True
Is 4544518 a multiple of 15?
False
Is 11030 a multiple of 43?
False
Is 10 a factor of 498280?
True
Is 337875 a multiple of 53?
True
Is 400 a factor of 297200?
True
Is 2852990 a multiple of 12?
False
Is 137 a factor of 81652?
True
Is 205 a factor of 751863?
False
Is 191702 a multiple of 41?
False
Is 1268750 a multiple of 25?
True
Does 551 divide 80523?
False
Is 316215 a multiple of 15?
True
Is 10 a factor of 254940?
True
Is 8 a factor of 22360?
True
Does 15 divide 189825?
True
Is 421 a factor of 309270?
False
Is 650584 a multiple of 88?
True
Does 66 divide 69088?
False
Is 415 a factor of 504225?
True
Is 24 a factor of 250212?
False
Is 377 a factor of 418093?
True
Is 1030310 a multiple of 754?
False
Is 149 a factor of 8174587?
True
Does 192 divide 258816?
True
Is 13146 a multiple of 4?
False
Does 86 divide 816544?
False
Is 24 a factor of 389400?
True
Does 295 divide 1448240?
False
Is 9 a factor of 136341?
True
Is 60473 a multiple of 125?
False
Is 6947737 a multiple of 22?
False
Is 271 a factor of 208908?
False
Is 2142765 a multiple of 9?
True
Does 1469 divide 14791361?
True
Is 8003100 a multiple of 420?
True
Does 72 divide 76608?
True
Is 406680 a multiple of 68?
False
Is 111 a factor of 22200?
True
Does 1099 divide 569599?
False
Is 15 a factor of 220866?
False
Does 118 divide 6790?
False
Is 292657 a multiple of 18?
False
Is 37800 a multiple of 30?
True
Does 28 divide 3915193?
False
Is 133 a factor of 218120?
True
Does 12 divide 377011?
False
Is 11 a factor of 8280?
False
Does 10 divide 4779977?
False
Is 1997838 a multiple of 18?
True
Does 3 divide 85374?
True
Is 1081871 a multiple of 7?
True
Does 91 divide 21840?
True
Is 8084496 a multiple of 48?
True
Is 1406284 a multiple of 62?
True
Does 138 divide 399234?
True
Is 132484 a multiple of 22?
True
Is 874060 a multiple of 110?
True
Does 35 divide 2143890?
True
Is 153 a factor of 843977?
False
Is 5731773 a multiple of 15?
False
Is 216 a factor of 2603448?
True
Is 7252640 a multiple of 20?
True
Is 3 a factor of 12604?
False
Is 235249 a multiple of 49?
True
Is 2313834 a multiple of 6?
True
Does 119 divide 1785238?
True
Is 2008475 a multiple of 46?
False
Is 377 a factor of 76531?
True
Does 126 divide 68796?
True
Does 14 divide 46393648?
True
Does 2 divide 925704?
True
Does 265 divide 6849720?
True
Is 94710 a multiple of 14?
True
Does 32 divide 300576?
True
Is 93047 a multiple of 16?
False
Is 236 a factor of 14696494?
False
Is 554838 a multiple of 290?
False
Does 179 divide 238428?
True
Is 14 a factor of 12820?
False
Is 251496 a multiple of 56?
True
Is 4 a factor of 4820?
True
Is 2736012 a multiple of 14?
False
Is 20533 a multiple of 146?
False
Is 4 a factor of 552?
True
Does 2 divide 74?
True
Is 4 a factor of 155506?
False
Does 253 divide 196416?
False
Is 226136 a multiple of 70?
False
Does 110 divide 1367850?
True
Is 675714 a multiple of 99?
False
Is 64356 a multiple of 31?
True
Does 65 divide 144713?
False
Is 11701712 a multiple of 11?
True
Is 90678 a multiple of 58?
False
Does 14 divide 1189678?
True
Does 112 divide 1059744?
True
Does 121 divide 747054?
True
Is 114 a factor of 51241?
False
Is 1701757 a multiple of 776?
False
Is 34 a factor of 743070?
True
Does 547 divide 729826?
False
Is 54 a factor of 1957162?
False
Is 1080270 a multiple of 6?
True
Is 94 a factor of 828018?
False
Is 3873680 a multiple of 12?
False
Is 433485 a multiple of 15?
True
Does 3 divide 20724?
True
Does 29 divide 249743?
False
Does 7 divide 55601?
True
Is 66 a factor of 78342?
True
Does 39 divide 266526?
True
Is 100178 a multiple of 66?
False
Does 22 divide 206532?
False
Does 28 divide 101259?
False
Is 9 a factor of 207538?
False
Does 20 divide 1890087?
False
Is 1447 a factor of 14271040?
False
Does 42 divide 10584?
True
Is 159 a factor of 162816?
True
Does 4 divide 88422?
False
Is 6 a factor of 31098?
True
Does 31 divide 1686865?
True
Is 137 a factor of 1232655?
False
Does 279 divide 1965211?
False
Is 217 a factor of 129332?
True
Does 10 divide 13262160?
True
Does 160 divide 117576?
False
Is 103995 even?
False
Is 12807496 a multiple of 103?
False
Is 128 a factor of 1228288?
True
Does 314 divide 42076?
True
Is 18 a factor of 856671?
False
Is 10 a factor of 7188?
False
Is 69668 a multiple of 15?
False
Is 271176 a multiple of 323?
False
Does 171 divide 65664?
True
Is 102111 even?
False
Is 4944 a multiple of 103?
True
Does 464 divide 1441017?
False
Does 33 divide 190146?
True
Does 172 divide 240972?
True
Is 75960 a multiple of 90?
True
Is 11869536 a multiple of 1428?
True
Is 2830782 a multiple of 11?
False
Is 744 a factor of 1020024?
True
Is 167 a factor of 1314529?
False
Does 1198 divide 3350163?
False
Does 481 divide 1437228?
True
Does 202 divide 155540?
True
Is 309 a factor of 270684?
True
Is 5040192 a multiple of 24?
True
Is 32 a factor of 361182?
False
Is 138142 a multiple of 769?
False
Does 18 divide 388206?
True
Is 187 a factor of 8560486?
True
Is 766452 a multiple of 4?
True
Is 487280 a multiple of 20?
True
Is 10176098 a multiple of 382?
True
Is 680 a factor of 2595560?
True
Is 86 a factor of 138522?
False
Is 22564 a multiple of 15?
False
Is 13 a factor of 1709058?
True
Does 57 divide 576042?
True
Is 18570 a multiple of 45?
False
Is 1